 -27) + 15 + 83 + 6).
-57
-2 + 15 - (-18 - (-15 - 47))
-31
Calculate (-16 - -9) + -1 - (-6 - 9 - (-14 + -90)).
-97
Evaluate -5 - (7 + -24 + 10 + 26).
-24
Calculate (46 - (-5 - -12)) + 3 + -10 + -2.
30
What is 23 - -6 - (139 + -95 + 47)?
-62
What is the value of (-40 - 0) + -11126 + 11165?
-1
(109 - 115 - (20 - 3)) + -20
-43
Calculate 8 + (6 - -7) + -14 + -5 + -17.
-15
-62 + 61 + -6 + 1 - 1 - -14 - -8
15
Calculate (-5 - (0 - (-1 + 1)) - (-4193 - -4251)) + 12.
-51
Evaluate (-56 - -16) + (77 - 77).
-40
Calculate -2 - -4 - (15 + (-9 - -10) + -25).
11
What is the value of 66 + (-2 + -3 - (-20 - -30 - (16 + -4)))?
63
(22 + -22 + 7 + (2 - 10) - 94) + -9
-104
What is the value of -6 + -3 + 8 - (7 + -4 + (44 - 2))?
-46
What is -34 + 16 + 48 + -57?
-27
18 + 27 + 18 + -69
-6
What is the value of 208 - 178 - (92 + -14)?
-48
What is -124 + (32 - -20) + 44?
-28
6 + -1 + -1 + (10 + -24 - -72)
62
Calculate 8 - (-6 + -22 + 12) - -22.
46
Calculate 86 + -16 - (-97 - -118).
49
Evaluate 18 + -21 + 1 + -1 + (-14 - 2 - -21).
2
What is the value of -9 + -28 + 19 - -14 - (47 + 0 - 1)?
-50
What is 187 + -176 + 10 + -20?
1
What is the value of 15 + (-2 + -1 + -6 - (-2 + -17))?
25
Evaluate (9 - 33 - -2) + 26 - -19.
23
Calculate 10 + (-14 - 4) + 22 - 9.
5
What is (-8 - (-19 + 4) - 2) + -12 + -12?
-19
Evaluate -140 - ((8 + (-6 - -1) - 6) + (1 - -15)).
-153
What is -30 - -52 - ((73 - -2) + -9)?
-44
What is the value of -71 + 114 + -63 + -90 + 6?
-104
What is 18 - (0 + -17 - (123 - (52 - -79)))?
27
What is -6 + 5 - (-28 - ((-9 - 15) + 25))?
28
-3 + (-2 - -2 - (-15 - -31) - 2)
-21
-2 + 34 + -14 + (40 - 18)
40
What is the value of (49 - 99 - (3 + 12)) + 5?
-60
What is the value of 53 + (13 - (-5 + 30)) + 2?
43
Calculate (255 - 242) + (-2 + -4 - -2) + 1 + 59.
69
Evaluate -14 + 13 + -12 + 3 - (25 + 5).
-40
Calculate (-3 - (-100 + 110 + (4 - -2))) + 40.
21
Evaluate -5 + 48 + -4 + (7 - 22 - (8 + -11)).
27
What is the value of 6 + (12 + -9 - 19) + 8 + 58 + 8?
64
Evaluate 49 + ((-30 - -7) + 35 - -14).
75
Calculate -23 - -1 - (11 + (-31 - 0) - -32).
-34
What is the value of -44 - -16 - -3 - -33?
8
What is (-1889 - -1872 - (2 - (2 + 106))) + 15?
104
What is the value of -17 - 107 - -6 - (8 - 3 - 25)?
-98
What is (-9 + 1 - (-93 + -12 + 41)) + 11 + -14?
53
Evaluate -122 + 109 - (-1 + 9 + 4 + -2).
-23
Evaluate -27 + (13 - (-36 + 76)).
-54
-117 - (8 - (-47 + 40 - 10))
-142
Evaluate (20 - 12) + 50 + 0 + -9 + 5 + 12.
66
Evaluate (105 - (188 + -75)) + 45 + -2.
35
What is the value of 2 + 1 + (-65 - (-15 - 19))?
-28
Evaluate 0 + -48 - (3 + -2) - (-16 + 61 + -43).
-51
Calculate -4 + (-51 - (-6 + 10 - (-7 - -2)) - -8).
-56
What is the value of 1363 + -1348 - (-1 + 1 + (-14 - -9))?
20
Evaluate 40 + -2 + (63 - 92).
9
What is the value of (-21 - -1) + -224 + 231 + 78?
65
(-86 - (2 - -3)) + 95
4
Evaluate -1 - (17 - (-19 + 21)) - -22.
6
Calculate -26 + (-14 - (-14 + (75 - 18))).
-83
Evaluate 24 + -33 + -10 + -57.
-76
-48 + -3 + 1153 + -1130
-28
Evaluate (321 - 439) + (20 - 3) - (-3 + -16).
-82
Calculate (5 - 26) + -14 + (11 - 5).
-29
What is the value of 28 + -3 + 6 + -4 + (-36 + -22 - -70)?
39
Calculate (-46 - -48) + (3 - 6 - (0 + -15)).
14
Calculate -117 + 11 + 26 - (0 + -17 + 3).
-66
Calculate 4 + (-6 + 16 + -7 - (3 + -8)) + 3.
15
What is the value of 23 + (15 - 11 - (21 - -24))?
-18
Evaluate -6 + 88 + 3 + -7 + (22 - 16) - 7.
77
Calculate -41 + 55 - (2 + 89 + (11 - 10)).
-78
Evaluate -12 + -25 + (26 - 26) + 0.
-37
-22 + 11 + -3 + -30 - (-2 - 10)
-32
What is -9 + -4 + (57 - (-16 - -6)) + -10?
44
What is the value of -88 - (-106 + -116 + 101)?
33
(27 + (73 - 123) - (-16 - -1)) + -1 + 80
71
What is -37 - -12 - (-98 - (-13 - -13))?
73
-3 - (-29 + 0 - (-11 - 37 - -51))
29
Evaluate -357 + 324 - (-33 + -7).
7
Calculate 565 + -544 + -2 + 1 + -2 + -4.
14
Evaluate (-16 + (1 - -1) - (-84 + 77)) + 3.
-4
What is -42 - 1 - (-4 + 10 + -14 + -3)?
-32
What is (5 - 71) + -841 + 891?
-16
Calculate (87 - 20) + -16 - (7 + -10).
54
What is the value of -1237 + 1249 + (2 - 1 - 56) + (-5 - -2)?
-46
What is -1 - 2 - (26 - 61 - -11) - -12 - 7?
26
What is the value of 91 + -102 + 60 + -5?
44
Calculate (-1 - (-18 + 5)) + (29 - 16 - -13).
38
Calculate -1 + 74 + (-10037 - -10045).
81
Calculate -3 + 92 - (-11 + 33 + 9).
58
(14 - -7 - -3) + -42 - 25
-43
Evaluate (93 - 13) + 3 - (0 - (-3 - (13 + -6))).
73
What is the value of (49841 - 49822) + (88 - (-1 - (-2 + 0)))?
106
Evaluate 711 + -674 + (-77 - 7 - -2).
-45
Calculate 11 - (-7 - 51 - -45).
24
What is 12 + (-6 - ((15 - (-9 + 44)) + -4))?
30
-57 - (20 - 116) - 27
12
What is 4 + (121 + -146 - (-8 - -81))?
-94
Evaluate 71 + -46 + -121 - -76 - (-1 - -52).
-71
What is -12 + (-4 - (41 + (12 - -6) - -14))?
-89
What is (1 - -126) + (-1 + -47 - (1994 + -2052))?
137
What is the value of -58 + 24 + 34 - (-6 + 11 + -2 - 4)?
1
What is 8 + (-88 - -94 - ((1 - 7) + 3)) + -21?
-4
-118 + 202 + -139 - ((-1 - (1 + 2)) + 2)
-53
67 + -1 - (119 + -115 + 2 + -12 + 8)
64
Evaluate -54 + 28 + (-28 + 56 - (5 + 2)).
-5
Calculate (330 - 312) + (-74 - -11).
-45
Evaluate -5211 - -5216 - (1 + -4 + 2 - 3).
9
Evaluate (24 - (-27 - -10)) + 7 - 1.
47
Evaluate 0 + -15 + (9 - ((-6 - 29) + 47)).
-18
What is the value of (-16 - -2) + -42 + 45 - (20 - -3)?
-34
What is -80 - (40 - 29 - 53)?
-38
Evaluate -26 - (16 + (15 - 1) - 7).
-49
What is the value of -26 + (34 - 15) - (-6 - -3) - (-52 - -3)?
45
Evaluate (29 - (14 - -8 - 84)) + -35.
56
What is -5 + -6 + (2 + 10 - 8) + (-12 - 9)?
-28
Calculate (2776 - 2769) + -2 + -6 + -2.
-3
What is the value of 17 + 1 + 61 + -71 + 37 + -46?
-1
Evaluate -160 + 157 + (4 + 0 - 1).
0
Evaluate (1 - 7 - (76 + -70)) + 8 + 0 + 106.
102
What is 9 - (-59 + 13) - 4?
51
Evaluate -10 + 6 + ((7 - -48) + -9 - -12 - 11).
43
Evaluate (16 - -59) + 18 + -3.
90
Evaluate -99 - (-39 - (-37 - -170)).
73
Evaluate -1 + -6 + -6 + 15 + -1 + 14.
15
What is the value of (-19 - -1) + (-16 - (30 + -51)) - (9 - -3)?
-25
What is the value of (-1 - 2 - (31 - (18 - -12))) + 4 + -43?
-43
Calculate -52 + -79 + 95 + 1 + -9.
-44
-16 - ((-2 - 22) + 10) - (11 + -1)
-12
Calculate 56 + -28 - 118 - -38.
-52
What is 25 - (-25 + (4 - -17) + 60)?
-31
What is (-32 - -46 - 31) + -76?
-93
Calculate -13 + -3 + (5 - (10 - 140)) + -12 - -15.
122
Calculate -4 + 80 - 0 - (30 - 13 - 14 - 3).
76
What is -38 + 2 + (9 + (15 - 9) - 4)?
-25
1 + 46 + (7 - 53) + (-2 - (-106 + 1))
104
Evaluate (5 - -143) + (9 + -30 - (-38 + 39)).
126
Evaluate -111 - ((-59 - -36) + 17 - (-10 - -1) - -9).
-123
Evaluate -2 + 2 + -9 + (-22 - -20) + 4 + -62.
-69
Calculate (58 - -6 - 24) + (-21 - 2).
17
(19 - 230) + 97 + (1 - 2 - -6 - -4)
-105
-67 + 3 + -124 + (-20 - -118)
-90
(4 - (-27 - 65)) + -43
53
Evaluate -46 - (-107 + -1 - (3044 - 3059)).
47
What is 12 - (-6 + (9 - 3)) - 7?
5
Evaluate (-17 - 2) + 10 + (5 - (11 + -1)).
-14
Calculate 19 - (77 + (27 - 35)).
-50
Evaluate 0 + (1 - 1) - -3 - (63103 + -63198).
98
-16 + 74 - (-37 - -51) - (0 + 14)
30
Calculate -87 - (16 - (-5 + 49 + -7)).
-66
Evaluate 34 - (-48 - -13) - 39.
30
What is -5 + 1 + (-6 - (-11 + 0)) + -19?
-18
What is the value of -16 + -4 + -28 - -3 - -22?
-23
What is -134 + 229 + -168 + 125?
52
(-19 - 9) + -1 + 15 - 19
-33
Evaluate -70 - 1 - (4794 + -4829).
-36
Calculate 8 + -164 + -97 + 138.
-115
9 + -4 + (4 + -7 - -7) + -4
5
Calculate -38 + (7 - (25 - 54 - -18)).
-20
What is (1 - 7) + 1 + (-3081 - -3076)?
-10
What is -1 + 13 - (-60 + 69) - (29 - -3)?
-29
Calculate 622 - 610 - (11 - (-4 - (-4 - -2))).
-1
-1 + -83 - (-23 + 5 - (-498 - -491))
-73
What is the value of -93 - -64 - -76 - -9?
56
(13 - 6) + -16 - (4 - (9 - -8))
4
Evaluate -2 + 46 + 2 - ((-9 - 3) + (485 - 488)).
61
Evaluate 88 + (-60 - (-102 + 107)).
23
What is (-1 - 29) + (-17666 - -17804)?
108
146 - 66 - 77 - (4 - (0 - 0))
-1
What is 15 - 1 - (-93 - -35 - -41)?
31
Evaluate -1 + (-15 - 1 - (934 - 951)) + (-1 - -80).
79
-1 - (-41 + 11) - 25 - (-2 - 0)
6
Calculate (79 - 59 - 27) + (-7 - -2).
-12
What is 2 - -1 - 5 - (-6 + -33)?
37
What is the value of (-5 + 11 - 1) + 1 - (22 - 25 - -17)?
-8
What is the value of 0 - 2 - (18 + 0 + -42 - 27)?
49
Calculate -152 + 67 + 99 + (50 - (1 - 1)).
64
Evaluate (1 - (8 + 8)) + (-3 - (14 - 11)).
-21
Evaluate (-79 - (68 + -134)) + -22 + -1.
-36
-11 - (-2 + -45) - (-1 - -11 - 0)
26
What is the value of 11 + 